{"id":336,"date":"2020-04-22T22:17:42","date_gmt":"2020-04-22T20:17:42","guid":{"rendered":"http:\/\/legions-romaines.fr\/blog\/?page_id=336"},"modified":"2025-06-20T14:41:39","modified_gmt":"2025-06-20T12:41:39","slug":"ego","status":"publish","type":"page","link":"https:\/\/www.legions-romaines.fr\/blog\/ego\/","title":{"rendered":"L&rsquo;AUTEUR"},"content":{"rendered":"<div class=\"wp-block-image\">\n<figure class=\"alignleft size-large is-resized\"><a href=\"https:\/\/www.legions-romaines.fr\/perso\/ego.jpg\"><img decoding=\"async\" src=\"https:\/\/www.legions-romaines.fr\/perso\/ego.jpg\" alt=\"\" style=\"object-fit:cover;width:220px;height:220px\"\/><\/a><\/figure><\/div>\n\n\n<p class=\"has-medium-font-size\"><strong>Batiste GERARDIN<\/strong><\/p>\n\n\n\n<p>N\u00e9 en 1986, je suis originaire de Vesoul en Haute-Sa\u00f4ne. Avec un baccalaur\u00e9at scientifique en poche, j&rsquo;ai d\u00e9but\u00e9 mes \u00e9tudes par une hypokh\u00e2gne et une kh\u00e2gne au lyc\u00e9e Pasteur \u00e0 Besan\u00e7on. Titulaire d&rsquo;un Master recherche en histoire ancienne ainsi que d&rsquo;un Master enseignement en histoire-g\u00e9ographie, j&rsquo;enseigne le fran\u00e7ais et l&rsquo;histoire-g\u00e9ographie en lyc\u00e9e professionnel depuis 2012.<\/p>\n\n\n\n<p>J&rsquo;ai cr\u00e9\u00e9 le site Legions-Romaines pour mutualiser des ressources sur l&rsquo;arm\u00e9e romaine et pour faire conna\u00eetre le fruit de mes recherches. J&rsquo;y h\u00e9berge notamment <strong><a href=\"http:\/\/www.legions-romaines.fr\/blog\/alaudae\/\" target=\"_blank\" rel=\"noopener\">mon m\u00e9moire de Master<\/a><\/strong>, consacr\u00e9 \u00e0 la \u00ab\u00a0l\u00e9gion des Alouettes\u00a0\u00bb. Ayant pour projet une poursuite d&rsquo;\u00e9tude en doctorat, je m\u00e8ne actuellement des recherches sur les l\u00e9gions tardo-r\u00e9publicaines. En avril 2025, ce travail s&rsquo;est concr\u00e9tis\u00e9 par <a href=\"https:\/\/www.legions-romaines.fr\/blog\/2025\/04\/publication-dun-article-sur-le-nombre-lidentite-et-lorigine-des-legions-du-bellum-africum\/\" target=\"_blank\" rel=\"noreferrer noopener\"><strong>la publication de mon premier article<\/strong><\/a> dans une revue acad\u00e9mique.<\/p>\n\n\n\n<p>D\u00e9tenant un nombre consid\u00e9rable d&rsquo;<a href=\"http:\/\/www.legions-romaines.fr\/blog\/bibliotheque-perso-armee-romaine\/\" target=\"_blank\" rel=\"noopener\"><strong>ouvrages sur l&rsquo;arm\u00e9e romaine<\/strong><\/a> et de <a href=\"http:\/\/www.legions-romaines.fr\/blog\/bibliotheque-personnelle-sources-litteraires\/\" target=\"_blank\" rel=\"noopener\"><strong>sources antiques dans les principales \u00e9ditions de r\u00e9f\u00e9rence<\/strong><\/a>, je suis depuis mai 2020 un contributeur r\u00e9gulier de la <strong><a href=\"https:\/\/www.facebook.com\/groups\/bibliothequesolidaire\">Biblioth\u00e8que solidaire du confinement<\/a><\/strong>. N&rsquo;h\u00e9sitez pas \u00e0 <strong><a href=\"http:\/\/www.legions-romaines.fr\/blog\/contact\/\">me contacter<\/a><\/strong> si vous avez du mal \u00e0 trouver certaines ressources. Dans le cas o\u00f9 je serais en mesure d&rsquo;aider, je le ferai avec grand plaisir.<\/p>\n\n\n\n<p>Vous pouvez me retrouver :<br>&#8211; sur Academia : <a href=\"https:\/\/besancon.academia.edu\/BatisteG%C3%A9rardin\" target=\"_blank\" rel=\"noreferrer noopener\"><strong>https:\/\/besancon.academia.edu\/BatisteG\u00e9rardin<\/strong><\/a><br>&#8211; sur ResearchGate : <strong><a href=\"https:\/\/www.researchgate.net\/profile\/Batiste-Gerardin-2\" target=\"_blank\" rel=\"noreferrer noopener\">https:\/\/www.researchgate.net\/profile\/Batiste-Gerardin-2<\/a><\/strong><br>&#8211; sur le r\u00e9seau social Bluesky : <strong><a href=\"https:\/\/bsky.app\/profile\/batiste.bsky.social\" target=\"_blank\" rel=\"noreferrer noopener\">https:\/\/bsky.app\/profile\/batiste.bsky.social<\/a><\/strong><\/p>\n\n\n\n<p>Sauf mention contraire, tous les textes publi\u00e9s sur le site Legions-Romaines.fr ont \u00e9t\u00e9 r\u00e9dig\u00e9s par mes soins.<\/p>\n\n\n\n<p><strong>BIBLIOGRAPHIE<\/strong><br><strong>2009 : <em>La l\u00e9gion des Alouettes<\/em><\/strong>. M\u00e9moire de Master 2, 332 pages, in\u00e9dit. <a href=\"https:\/\/www.legions-romaines.fr\/alaudae\/gerardin_2009_legion_des_alouettes.pdf\" target=\"_blank\" rel=\"noreferrer noopener\"><strong>[PDF]<\/strong><\/a><br><strong>2025 : \u00ab&nbsp;Le nombre, l\u2019identit\u00e9 et l\u2019origine des l\u00e9gions du <em>Bellum Africum<\/em>&nbsp;\u00bb<\/strong>. Article publi\u00e9 dans la revue <em>Nuova Antologia Militare<\/em>, num\u00e9ro 6, fascicule 22, aux pages 253-286. <strong><a href=\"https:\/\/www.nam-sism.org\/Articoli\/Articoli%202025\/NAM%2022%20articoli\/NAM%20N.22.%208.%20Le%20nombre,%20l%E2%80%99identite%20et%20l%E2%80%99origine%20des%20legions%20du%20Bellum%20Africum.pdf\" target=\"_blank\" rel=\"noreferrer noopener\">[PDF]<\/a><\/strong><\/p>\n\n\n\n<p><span style=\"color: #808080;\">Page mise \u00e0 jour le 4 mai 2025.<\/span><\/p>\n","protected":false},"excerpt":{"rendered":"<p>Batiste GERARDIN N\u00e9 en 1986, je suis originaire de Vesoul en Haute-Sa\u00f4ne. Avec un baccalaur\u00e9at scientifique en poche, j&rsquo;ai d\u00e9but\u00e9 mes \u00e9tudes par une hypokh\u00e2gne et une kh\u00e2gne au lyc\u00e9e Pasteur \u00e0 Besan\u00e7on. Titulaire d&rsquo;un Master recherche en histoire ancienne ainsi que d&rsquo;un Master enseignement en histoire-g\u00e9ographie, j&rsquo;enseigne le fran\u00e7ais et l&rsquo;histoire-g\u00e9ographie en lyc\u00e9e professionnel [&hellip;]<\/p>\n","protected":false},"author":2,"featured_media":0,"parent":0,"menu_order":0,"comment_status":"open","ping_status":"closed","template":"","meta":{"footnotes":""},"class_list":["post-336","page","type-page","status-publish","hentry"],"yoast_head":"<!-- This site is optimized with the Yoast SEO plugin v26.0 - https:\/\/yoast.com\/wordpress\/plugins\/seo\/ -->\n<title>L&#039;AUTEUR - CONTRIBUTIONS \u00c0 L&#039;\u00c9TUDE DES L\u00c9GIONS ROMAINES<\/title>\n<meta name=\"robots\" content=\"index, follow, max-snippet:-1, max-image-preview:large, max-video-preview:-1\" \/>\n<link rel=\"canonical\" href=\"https:\/\/www.legions-romaines.fr\/blog\/ego\/\" \/>\n<meta property=\"og:locale\" content=\"fr_FR\" \/>\n<meta property=\"og:type\" content=\"article\" \/>\n<meta property=\"og:title\" content=\"L&#039;AUTEUR - CONTRIBUTIONS \u00c0 L&#039;\u00c9TUDE DES L\u00c9GIONS ROMAINES\" \/>\n<meta property=\"og:description\" content=\"Batiste GERARDIN N\u00e9 en 1986, je suis originaire de Vesoul en Haute-Sa\u00f4ne. Avec un baccalaur\u00e9at scientifique en poche, j&rsquo;ai d\u00e9but\u00e9 mes \u00e9tudes par une hypokh\u00e2gne et une kh\u00e2gne au lyc\u00e9e Pasteur \u00e0 Besan\u00e7on. Titulaire d&rsquo;un Master recherche en histoire ancienne ainsi que d&rsquo;un Master enseignement en histoire-g\u00e9ographie, j&rsquo;enseigne le fran\u00e7ais et l&rsquo;histoire-g\u00e9ographie en lyc\u00e9e professionnel [&hellip;]\" \/>\n<meta property=\"og:url\" content=\"https:\/\/www.legions-romaines.fr\/blog\/ego\/\" \/>\n<meta property=\"og:site_name\" content=\"CONTRIBUTIONS \u00c0 L&#039;\u00c9TUDE DES L\u00c9GIONS ROMAINES\" \/>\n<meta property=\"article:modified_time\" content=\"2025-06-20T12:41:39+00:00\" \/>\n<meta property=\"og:image\" content=\"https:\/\/www.legions-romaines.fr\/perso\/ego.jpg\" \/>\n<meta name=\"twitter:card\" content=\"summary_large_image\" \/>\n<meta name=\"twitter:label1\" content=\"Dur\u00e9e de lecture estim\u00e9e\" \/>\n\t<meta name=\"twitter:data1\" content=\"2 minutes\" \/>\n<script type=\"application\/ld+json\" class=\"yoast-schema-graph\">{\"@context\":\"https:\/\/schema.org\",\"@graph\":[{\"@type\":\"WebPage\",\"@id\":\"https:\/\/www.legions-romaines.fr\/blog\/ego\/\",\"url\":\"https:\/\/www.legions-romaines.fr\/blog\/ego\/\",\"name\":\"L'AUTEUR - CONTRIBUTIONS \u00c0 L&#039;\u00c9TUDE DES L\u00c9GIONS ROMAINES\",\"isPartOf\":{\"@id\":\"https:\/\/www.legions-romaines.fr\/blog\/#website\"},\"primaryImageOfPage\":{\"@id\":\"https:\/\/www.legions-romaines.fr\/blog\/ego\/#primaryimage\"},\"image\":{\"@id\":\"https:\/\/www.legions-romaines.fr\/blog\/ego\/#primaryimage\"},\"thumbnailUrl\":\"https:\/\/www.legions-romaines.fr\/perso\/ego.jpg\",\"datePublished\":\"2020-04-22T20:17:42+00:00\",\"dateModified\":\"2025-06-20T12:41:39+00:00\",\"breadcrumb\":{\"@id\":\"https:\/\/www.legions-romaines.fr\/blog\/ego\/#breadcrumb\"},\"inLanguage\":\"fr-FR\",\"potentialAction\":[{\"@type\":\"ReadAction\",\"target\":[\"https:\/\/www.legions-romaines.fr\/blog\/ego\/\"]}]},{\"@type\":\"ImageObject\",\"inLanguage\":\"fr-FR\",\"@id\":\"https:\/\/www.legions-romaines.fr\/blog\/ego\/#primaryimage\",\"url\":\"https:\/\/www.legions-romaines.fr\/perso\/ego.jpg\",\"contentUrl\":\"https:\/\/www.legions-romaines.fr\/perso\/ego.jpg\"},{\"@type\":\"BreadcrumbList\",\"@id\":\"https:\/\/www.legions-romaines.fr\/blog\/ego\/#breadcrumb\",\"itemListElement\":[{\"@type\":\"ListItem\",\"position\":1,\"name\":\"Accueil\",\"item\":\"https:\/\/www.legions-romaines.fr\/blog\/\"},{\"@type\":\"ListItem\",\"position\":2,\"name\":\"L&rsquo;AUTEUR\"}]},{\"@type\":\"WebSite\",\"@id\":\"https:\/\/www.legions-romaines.fr\/blog\/#website\",\"url\":\"https:\/\/www.legions-romaines.fr\/blog\/\",\"name\":\"L\u00c9GIONS ROMAINES\",\"description\":\"Carnet de recherche sur l&#039;arm\u00e9e romaine tardo-r\u00e9publicaine et la transmission des textes du corpus c\u00e9sarien\",\"publisher\":{\"@id\":\"https:\/\/www.legions-romaines.fr\/blog\/#\/schema\/person\/e368692ce5709607b047631756b5a38d\"},\"potentialAction\":[{\"@type\":\"SearchAction\",\"target\":{\"@type\":\"EntryPoint\",\"urlTemplate\":\"https:\/\/www.legions-romaines.fr\/blog\/?s={search_term_string}\"},\"query-input\":{\"@type\":\"PropertyValueSpecification\",\"valueRequired\":true,\"valueName\":\"search_term_string\"}}],\"inLanguage\":\"fr-FR\"},{\"@type\":[\"Person\",\"Organization\"],\"@id\":\"https:\/\/www.legions-romaines.fr\/blog\/#\/schema\/person\/e368692ce5709607b047631756b5a38d\",\"name\":\"Batiste G\u00e9rardin\",\"image\":{\"@type\":\"ImageObject\",\"inLanguage\":\"fr-FR\",\"@id\":\"https:\/\/www.legions-romaines.fr\/blog\/#\/schema\/person\/image\/\",\"url\":\"https:\/\/secure.gravatar.com\/avatar\/7cf561c219d32073b346099c6beb77a3119859576639b12b98cf7a1688ea8483?s=96&d=mm&r=g\",\"contentUrl\":\"https:\/\/secure.gravatar.com\/avatar\/7cf561c219d32073b346099c6beb77a3119859576639b12b98cf7a1688ea8483?s=96&d=mm&r=g\",\"caption\":\"Batiste G\u00e9rardin\"},\"logo\":{\"@id\":\"https:\/\/www.legions-romaines.fr\/blog\/#\/schema\/person\/image\/\"},\"sameAs\":[\"http:\/\/www.legions-romaines.fr\"]}]}<\/script>\n<!-- \/ Yoast SEO plugin. -->","yoast_head_json":{"title":"L'AUTEUR - CONTRIBUTIONS \u00c0 L&#039;\u00c9TUDE DES L\u00c9GIONS ROMAINES","robots":{"index":"index","follow":"follow","max-snippet":"max-snippet:-1","max-image-preview":"max-image-preview:large","max-video-preview":"max-video-preview:-1"},"canonical":"https:\/\/www.legions-romaines.fr\/blog\/ego\/","og_locale":"fr_FR","og_type":"article","og_title":"L'AUTEUR - CONTRIBUTIONS \u00c0 L&#039;\u00c9TUDE DES L\u00c9GIONS ROMAINES","og_description":"Batiste GERARDIN N\u00e9 en 1986, je suis originaire de Vesoul en Haute-Sa\u00f4ne. Avec un baccalaur\u00e9at scientifique en poche, j&rsquo;ai d\u00e9but\u00e9 mes \u00e9tudes par une hypokh\u00e2gne et une kh\u00e2gne au lyc\u00e9e Pasteur \u00e0 Besan\u00e7on. Titulaire d&rsquo;un Master recherche en histoire ancienne ainsi que d&rsquo;un Master enseignement en histoire-g\u00e9ographie, j&rsquo;enseigne le fran\u00e7ais et l&rsquo;histoire-g\u00e9ographie en lyc\u00e9e professionnel [&hellip;]","og_url":"https:\/\/www.legions-romaines.fr\/blog\/ego\/","og_site_name":"CONTRIBUTIONS \u00c0 L&#039;\u00c9TUDE DES L\u00c9GIONS ROMAINES","article_modified_time":"2025-06-20T12:41:39+00:00","og_image":[{"url":"https:\/\/www.legions-romaines.fr\/perso\/ego.jpg","type":"","width":"","height":""}],"twitter_card":"summary_large_image","twitter_misc":{"Dur\u00e9e de lecture estim\u00e9e":"2 minutes"},"schema":{"@context":"https:\/\/schema.org","@graph":[{"@type":"WebPage","@id":"https:\/\/www.legions-romaines.fr\/blog\/ego\/","url":"https:\/\/www.legions-romaines.fr\/blog\/ego\/","name":"L'AUTEUR - CONTRIBUTIONS \u00c0 L&#039;\u00c9TUDE DES L\u00c9GIONS ROMAINES","isPartOf":{"@id":"https:\/\/www.legions-romaines.fr\/blog\/#website"},"primaryImageOfPage":{"@id":"https:\/\/www.legions-romaines.fr\/blog\/ego\/#primaryimage"},"image":{"@id":"https:\/\/www.legions-romaines.fr\/blog\/ego\/#primaryimage"},"thumbnailUrl":"https:\/\/www.legions-romaines.fr\/perso\/ego.jpg","datePublished":"2020-04-22T20:17:42+00:00","dateModified":"2025-06-20T12:41:39+00:00","breadcrumb":{"@id":"https:\/\/www.legions-romaines.fr\/blog\/ego\/#breadcrumb"},"inLanguage":"fr-FR","potentialAction":[{"@type":"ReadAction","target":["https:\/\/www.legions-romaines.fr\/blog\/ego\/"]}]},{"@type":"ImageObject","inLanguage":"fr-FR","@id":"https:\/\/www.legions-romaines.fr\/blog\/ego\/#primaryimage","url":"https:\/\/www.legions-romaines.fr\/perso\/ego.jpg","contentUrl":"https:\/\/www.legions-romaines.fr\/perso\/ego.jpg"},{"@type":"BreadcrumbList","@id":"https:\/\/www.legions-romaines.fr\/blog\/ego\/#breadcrumb","itemListElement":[{"@type":"ListItem","position":1,"name":"Accueil","item":"https:\/\/www.legions-romaines.fr\/blog\/"},{"@type":"ListItem","position":2,"name":"L&rsquo;AUTEUR"}]},{"@type":"WebSite","@id":"https:\/\/www.legions-romaines.fr\/blog\/#website","url":"https:\/\/www.legions-romaines.fr\/blog\/","name":"L\u00c9GIONS ROMAINES","description":"Carnet de recherche sur l&#039;arm\u00e9e romaine tardo-r\u00e9publicaine et la transmission des textes du corpus c\u00e9sarien","publisher":{"@id":"https:\/\/www.legions-romaines.fr\/blog\/#\/schema\/person\/e368692ce5709607b047631756b5a38d"},"potentialAction":[{"@type":"SearchAction","target":{"@type":"EntryPoint","urlTemplate":"https:\/\/www.legions-romaines.fr\/blog\/?s={search_term_string}"},"query-input":{"@type":"PropertyValueSpecification","valueRequired":true,"valueName":"search_term_string"}}],"inLanguage":"fr-FR"},{"@type":["Person","Organization"],"@id":"https:\/\/www.legions-romaines.fr\/blog\/#\/schema\/person\/e368692ce5709607b047631756b5a38d","name":"Batiste G\u00e9rardin","image":{"@type":"ImageObject","inLanguage":"fr-FR","@id":"https:\/\/www.legions-romaines.fr\/blog\/#\/schema\/person\/image\/","url":"https:\/\/secure.gravatar.com\/avatar\/7cf561c219d32073b346099c6beb77a3119859576639b12b98cf7a1688ea8483?s=96&d=mm&r=g","contentUrl":"https:\/\/secure.gravatar.com\/avatar\/7cf561c219d32073b346099c6beb77a3119859576639b12b98cf7a1688ea8483?s=96&d=mm&r=g","caption":"Batiste G\u00e9rardin"},"logo":{"@id":"https:\/\/www.legions-romaines.fr\/blog\/#\/schema\/person\/image\/"},"sameAs":["http:\/\/www.legions-romaines.fr"]}]}},"_links":{"self":[{"href":"https:\/\/www.legions-romaines.fr\/blog\/wp-json\/wp\/v2\/pages\/336","targetHints":{"allow":["GET"]}}],"collection":[{"href":"https:\/\/www.legions-romaines.fr\/blog\/wp-json\/wp\/v2\/pages"}],"about":[{"href":"https:\/\/www.legions-romaines.fr\/blog\/wp-json\/wp\/v2\/types\/page"}],"author":[{"embeddable":true,"href":"https:\/\/www.legions-romaines.fr\/blog\/wp-json\/wp\/v2\/users\/2"}],"replies":[{"embeddable":true,"href":"https:\/\/www.legions-romaines.fr\/blog\/wp-json\/wp\/v2\/comments?post=336"}],"version-history":[{"count":84,"href":"https:\/\/www.legions-romaines.fr\/blog\/wp-json\/wp\/v2\/pages\/336\/revisions"}],"predecessor-version":[{"id":4091,"href":"https:\/\/www.legions-romaines.fr\/blog\/wp-json\/wp\/v2\/pages\/336\/revisions\/4091"}],"wp:attachment":[{"href":"https:\/\/www.legions-romaines.fr\/blog\/wp-json\/wp\/v2\/media?parent=336"}],"curies":[{"name":"wp","href":"https:\/\/api.w.org\/{rel}","templated":true}]}}